*a - x = -0*a. Let h(z) = 3*z**2 - 3*z + 3. Give h(a).
9
Let y = -481 - -477. Let s(j) = -j**2 - 2*j + 1. Calculate s(y).
-7
Let i(c) = 4*c**3 + 21*c**2 + c - 20. Let d be i(-5). Let t(w) = -w**3 + w + 39. Determine t(d).
39
Let i = -4 + 15. Let m = i - 19. Let r(o) = -o**2 - 7*o - 4. Calculate r(m).
-12
Let m(n) be the third derivative of -n**4/24 - 8*n**3/3 - 14*n**2 + 1. Give m(-9).
-7
Let r = -3 + 7. Suppose 5*m = 5*s, m + m + 8 = r*s. Let z(i) = i**3 - i - 7 - 4*i**2 + 4 + 8 + 0*i**3. What is z(m)?
1
Let p = -8 - -11. Let d(a) = -1 - 4*a - 5*a**2 - 10*a**3 - 2*a**3 - 3*a**3 + 7*a + 16*a**3. Determine d(p).
-10
Suppose 2*p + 60 = 7*p. Suppose 3*j + p = -0. Let s(y) be the second derivative of y**4/12 + 2*y**3/3 + y**2/2 - 186*y. Determine s(j).
1
Suppose 0 = 782*d - 780*d + 10. Let k(s) = 6*s + 12. Calculate k(d).
-18
Suppose -8*h = -7*h + 9. Let k be (1/3)/(h/27). Let l(r) = 5*r**2 - 1. Determine l(k).
4
Suppose 5*f + 6*f = 10*f. Suppose f = 4*j + 8 + 16. Let n(z) = z - 7 + 16 + 0*z. What is n(j)?
3
Suppose -4*m - 22 = -12*s + 13*s, -5*m - 31 = 3*s. Suppose 5*d - 30 = 4*o, 0*d = -3*d - 3*o - 9. Let t(p) = 2 + p - d. Give t(m).
-5
Let w(f) = f**3 - 2*f**2 - 3*f + 4. Let a be -39 - ((3 - 0) + 1 + -2). Let x = a - -44. What is w(x)?
4
Let r(b) = -5*b**3 - b**2 + b + 1. Let n be (-3)/15 + 52/10. Suppose 1 - 6 = n*x. Determine r(x).
4
Let t(l) = -5*l**2 + 6*l + 5. Let n(j) = 8*j - 10 - 21*j + j + 9*j**2. Let h(d) = -4*n(d) - 7*t(d). What is h(6)?
5
Let o(w) = w. Let i = -59 + 94. Suppose -6*t = -t + 5*r - i, -2*t = -5*r. Suppose t*s - 6 = -1. What is o(s)?
1
Let i be (-180)/(22 - 13)*(-4)/10. Let g(s) = -s**2 + 6*s + 10. What is g(i)?
-6
Let w be (8 - 0) + -31 + 7. Let g(r) = -r**3 - 16*r**2 - r - 23. Calculate g(w).
-7
Let g(i) = i**3 - 4*i**2 - 8*i + 7. Let y be 7/(2/6*2/2). Let j = 26 - y. Calculate g(j).
-8
Let a(b) = b**3 - 4*b**2 + b. Let x(j) = -26*j - 14. Let r be x(-4). Let v be r/75*(-5)/(-2). Determine a(v).
-6
Let p(b) = -b**2 - 15*b - 13. Let j(a) = -a**2 + 17*a - 78. Let g be j(11). What is p(g)?
23
Let q(h) = -4*h**3 - 6*h**2 + 13*h - 1. Let c(j) = 11*j**3 + 17*j**2 - 36*j + 4. Let d(l) = 3*c(l) + 8*q(l). What is d(-4)?
4
Let f = -126 - -124. Let i(s) be the second derivative of -s**4/12 - s**3/6 - s**2/2 + s. Let x(t) = 3*t**2 + 5*t. Let p(j) = f*i(j) - x(j). What is p(2)?
-8
Let m(l) = -16*l**3 + 42*l**2 + 35*l - 18. Let o(f) = 3*f**3 - 8*f**2 - 7*f + 4. Let s(r) = -2*m(r) - 11*o(r). Calculate s(5).
2
Let v(j) = 19796*j - 19786*j + 8*j**2 + 4 + 2*j**3 - j**3. Give v(-7).
-17
Let b = -3 + 14. Suppose 3*g = -4*k - b, 2*g - 4 - 7 = k. Let c(y) = y - 1. What is c(g)?
2
Let x = -35 - -40. Let g(l) = -x*l - 1 + 0 + 24*l. Determine g(-1).
-20
Suppose 0 = -3*o + 5*t - 3 - 8, 0 = 4*o - 3*t. Let p(g) = g**3 - 2*g**2 - 6*g + 7. Calculate p(o).
-2
Let d be (-2)/(-5) + 16/10. Let m be ((-2)/8)/((-6)/600). Suppose -4*r + m = -5*f, -d*f - 3*r = -2*r - 3. Let x(a) = 8*a**3 + 2*a**2 + 2*a + 1. Give x(f).
-7
Let t(l) = 5 - 4 - 2*l - l. Let c(i) = 3*i. Let s(x) = 2*c(x) + 3*t(x). Suppose -3 = d + 5*b, 3*b + 10 = -3*d + 1. Calculate s(d).
12
Let c(u) = u**2 + 8*u + 15. Let v(n) = n**3 + 26*n**2 + 25*n - 6. Let h be v(-25). Give c(h).
3
Suppose -p = -0 - 3. Suppose -w - 3*b = -p, -4*w + b - 14 = -0*b. Let q(o) be the second derivative of -o**3/6 - o**2/2 - o. Give q(w).
2
Suppose 0 = 3*u + 2 - 2. Let o(m) = 2*m**3 - m + 2. Let p(x) = -25*x - 3 - 4*x**3 + 26*x + x**3. Let a(v) = 4*o(v) + 3*p(v). Determine a(u).
-1
Let t(r) = r**3 - 4*r**2 + 8*r - 5. Let d(g) = -2*g + 2. Let f(i) = 5*d(i) + t(i). What is f(4)?
-3
Let q(l) = -l**2 + 7*l - 4. Let o = -17 - -6. Let k(b) = 2*b + 26. Let g be k(o). Give q(g).
8
Let o be -3 + 13/2*2. Suppose 5*a = 4*a - o. Let s be 4/a + (-16)/10. Let c(u) = 3*u - 1. What is c(s)?
-7
Suppose 5*r + 116*g - 118*g - 128 = 0, 0 = -g - 4. Let m(d) = -2*d + 58. Give m(r).
10
Let o be 15/2*(-12)/5. Let f = o + 20. Let h(m) = f + 4*m**3 + 3 - 3 - 3 + 2*m. Give h(1).
5
Let q(z) = -9*z - 7. Let y(c) = 8*c + 6. Let l(d) = -6*q(d) - 7*y(d). Let p(k) = 3*k + 3. Let b(a) = -6*l(a) - 2*p(a). Give b(4).
18
Let k(g) = g**3 + 6*g**2 - 4. Suppose 35 = -10*a - 25. What is k(a)?
-4
Suppose 0 = 4*d - 0*d - 3*d + 3. Let t(s) be the third derivative of 5*s**4/24 + s**2. What is t(d)?
-15
Let c(y) = y**3 + 4*y**2 + 5*y + 4. Let z(h) = -1 + h**2 + 0*h**2 + 0 - 2*h**2 + 7*h. Let u be z(6). Let f be 6*(2 + u/(-2)). Determine c(f).
-2
Let s(v) be the second derivative of 7*v**6/180 + v**5/120 + 23*v**3/6 - 45*v. Let g(d) be the second derivative of s(d). Determine g(1).
15
Let l(a) = -25*a + 20*a + 3*a - 12 + a. What is l(-6)?
-6
Let r(v) = 16*v + 2. Let g = -1187 - -1189. What is r(g)?
34
Let i be (-78)/24 + 6/(-8). Let w be (5 + i)/((-1)/(-5)). Let f(t) = 0 - 3*t + 7*t + 6 - t**2. Give f(w).
1
Let p(z) = -z**2 + z - 10. Let d be ((-12)/6 - -2)/2. Give p(d).
-10
Suppose w = -5*g - 17, 2*w - 8*g + 22 = -6*g. Let y(c) = -4*c - 51. What is y(w)?
-3
Suppose 56 = -208*p + 222*p. Let n(h) = -2*h**2 + h**2 - 3 + 4*h + 5. Calculate n(p).
2
Let d(h) = h**3 + 3*h**2 + 2*h + 3. Suppose -7*z = -4*z + 18. Let m be z/(-27) - 40/18. Give d(m).
3
Let i = -1022 + 1024. Let g(h) = 3*h - 3. What is g(i)?
3
Let z(o) = 3*o - 5. Let d(i) = -i + 1. Let m(q) = q**2. Let r be m(2). Let v be (2*r/(-8))/1. Let f(c) = v*z(c) - 6*d(c). Give f(1).
2
Let z(d) = d + 5. Let l(y) = -2*y - 33. Let x be l(-13). Give z(x).
-2
Suppose o = -g + 3, 2*g - 3*g - 3*o + 3 = 0. Let j = 10 - g. Let t(k) = 2 + 4 + 1 - 9*k + k**2. Give t(j).
-7
Suppose -10*a + 8 = -12*a. Let y(n) = n + 5. Let z(s) = -1. Let u(k) = a*z(k) + y(k). Give u(-7).
2
Let m(v) = 2*v**3 + v**2 - 3. Let g(i) = i**3 + 2*i**2 - i - 2. Let n(c) = g(c) - m(c). Calculate n(2).
-5
Let t be 132/72 - (-16)/(-12). Let m(r) be the second derivative of -6*r + 0 - 1/12*r**4 - t*r**2 - 5/6*r**3. What is m(-4)?
3
Let g(i) = 7*i**2 - 3*i - 3. Let o(z) = 15*z**2 - 7*z - 6. Let k(d) = 13*g(d) - 6*o(d). Determine k(-4).
1
Let j be 500/18 + (-44)/(-198). Let r be 9/21 - (-128)/j - 0. Let z(u) = -u + 1. Calculate z(r).
-4
Let g be (1 + 1 - -2) + -4. Suppose -i + 4*k - 1 = g, -4*i - 5 + 20 = 3*k. Let z(w) = 5*w + 6*w + w**2 - 12*w + i + 9*w. Give z(-7).
-4
Let q = -1285 - -1289. Let u(d) = d**2 - 7*d + 5. Determine u(q).
-7
Let c(j) = -j**3 - 12*j**2 + 4*j - 3. Let m(h) = -h**2 + h - 1. Let q(f) = -c(f) + 5*m(f). Give q(-5).
43
Suppose -5*f + 9 = -4*v, 26*v = 25*v - 1. Let m(i) = 33*i. Give m(f).
33
Let o(m) = 7 - 3*m + m + 2 - 5 + m. Let d = -9 + 13. Give o(d).
0
Let l(g) be the third derivative of 0 + 1/8*g**4 + 1/60*g**5 + 0*g + 4*g**2 - 2/3*g**3. Let v be (0 - 4) + -5 + 5. Determine l(v).
0
Let y = 21 + -16. Suppose -3*m + r + 5 = 0, y*m - 3*m + 10 = 4*r. Let j(w) = -2*w**3 + 3*w**2 - 4 + 2*w + w**m - 6*w**2 + 6. Determine j(2).
-14
Let r(z) = -262*z**2 + 84*z**2 + 8*z + 9 + 92*z**2 + 85*z**2. Give r(8).
9
Let k = 1 + -3. Let q(z) = -7*z - z - z + 2*z + 9*z. Give q(k).
-4
Let y(r) = 5*r. Let o(z) = 4*z - 1. Let u(m) = 4*o(m) - 3*y(m). Let l = 18 + -13. Give u(l).
1
Let s(o) = -o**3 - 2*o**2 - o. Suppose -4*x = 5*g - 3*x - 15, -4*x = 0. Suppose -4*z - g = 1. Calculate s(z).
0
Suppose 0 = -q - 56 + 102. Suppose q = 5*z + 76. Let k(h) = -2*h - 1. What is k(z)?
11
Let u be -11 - (-3)/(1 - 2). Let w be 9/(-2) + 7/u. Let r(x) = -x**3 - 6*x**2 - 5*x. Let t be r(w). Let o(g) = g**3 + g**2. Give o(t).
0
Let h(x) = 9 - 65*x - 6 + 6 + 67*x. Calculate h(-7).
-5
Let b(d) = -4017*d - 2 + 2 + 4002*d. Give b(1).
-15
Let z(j) = j + 2. Suppose 2*q - 2*g = 7 - 1, -3*q = -5*g - 17. Let x = 16 + -10. Let t be q/2 - (-15)/x. Give z(t).
4
Let f be ((-6)/(-20))/(237/(-30) - -8). Let c(a) = -2*a - 4 + 5*a - 5*a + a**2. Give c(f).
-1
Let i(n) = n**3 - 18*n**2 - 61*n - 36. Let b be i(21). Let v(u) = -1. Let q(a) = -a + 2. Let s(w) = -q(w) + 2*v(w). Determine s(b).
2
Suppose z - 122 = 4*m, -139 = 4*m + 2*z - 23. Let r be (18/15)/(9/m). Let d(h) = h - 4. Calculate d(r).
-8
Suppose -b = -2*z - 10, -3*b + 2*b - 3*z = 10. Let c(h) = 4*h**2 - h**2 - h**3 + 4*h**b + h - 7 + 0*h**3. Calculate c(7).
0
Let k(l) be the first derivative of -l**4/4 + 5*l**3/3 + 5*l**2 - 7*l - 175. Give k(6).
17
Let u(a) = a**3 - 3*a**2 - 3*a + 4. Let z(i) = i**2 + 2*i - 1. Let j(c) = -u(c) +